-953 - 1070 = 7*y. Let w = -269 - y. What is the remainder when 174 is divided by w?
14
Let f = 5871 + -5852. Calculate the remainder when 3604 is divided by f.
13
Let s(u) be the second derivative of 4*u**4/3 + u**2/2 + 18*u. Let c be s(-2). Let q = c + -37. Calculate the remainder when q is divided by 10.
8
Suppose 90738 = -28*p + 99110. Suppose -283 = -5*s + 92. What is the remainder when p is divided by s?
74
Let u be (1 - (-3 - -5)) + 21. Let o = -202 + 210. Suppose -o*a = -u - 52. Calculate the remainder when 61 is divided by a.
7
Let w(k) = 1400*k - 6688. What is the remainder when w(20) is divided by 374?
368
Suppose 69 = 3*g + 15. Suppose 0 = m + m - 3*c + 1, c = 3*m + 5. Calculate the remainder when (m/(-6))/((-4)/(-2520)*3) is divided by g.
16
Calculate the remainder when 48/(2112/18458) + 3/2 is divided by 67.
19
Suppose 8*f - 12*f + 24 = 0. Let u be 257/5 - (13/(-5) + 2). Suppose -2 = -3*s - 0*s - 5*x, 3*s - u = 5*x. What is the remainder when s is divided by f?
3
Suppose 0 = -2*x - 3*x + 35. Let n(p) = 10*p - 63. Calculate the remainder when (3/6)/(2/44) is divided by n(x).
4
Suppose 41*c - 4844 - 11943 = 1294. Calculate the remainder when c is divided by 17.
16
Suppose 5*b - 8*b = -339. Let a be (-266)/6 - 2/3. Let w = a - -83. Calculate the remainder when b is divided by w.
37
Let y be -2 + 1 + 24/(-8). Let l(p) = -p**2 - 17*p - 48. What is the remainder when 4381/52 + (-3)/y is divided by l(-10)?
19
Let p = -6650 + 7535. Calculate the remainder when p is divided by 38.
11
Let b(l) = l**2 + 11*l + 14. Suppose 243 - 683 = 11*j. Calculate the remainder when b(-10) is divided by (-4*15/j)/(6/16).
0
Let h be 217/105 + (-1)/15. Suppose 6*w - 2*w + 14 = h*x, 5*x + 3*w = 48. Calculate the remainder when 15 is divided by x.
6
Let g = -232 - -242. Let n(c) = -9*c + 117. Calculate the remainder when n(g) is divided by 20.
7
Suppose 0 = -25*r - 5*r + 360. Suppose r*u = 5*u + 126. What is the remainder when 121 is divided by u?
13
Suppose 247 = 3*g + 5*r, -27 = -4*g - 5*r + 299. Suppose x - 2*v + 10 = -1, 0 = 4*x + 5*v - 21. What is the remainder when g is divided by (2 - x)*(9/1 + -2)?
16
Suppose 3*x = -4*i + 219 - 37, 5*x = 3*i + 342. Calculate the remainder when 1054 is divided by x.
64
Let q(h) = 8 - 23 - 3 - 22 - 2*h + 4. Calculate the remainder when 38 is divided by q(-21).
2
Calculate the remainder when 1876 is divided by (9/4)/(2556/2272).
0
Suppose -3*v = -4*b - 107, -5*v = 13*b - 15*b - 183. Suppose -3*c + 724 - 194 = 5*q, -5*q + 530 = -5*c. What is the remainder when q is divided by v?
32
Suppose m - 40 = -5*j + 113, 0 = 4*j + m - 123. Calculate the remainder when 32 is divided by j.
2
Suppose 2*n - 5*t = -3*t + 12, -21 = -4*n + t. Let q = -91 - -254. Suppose -3*y - q = -n*b, 47 = 7*b - 6*b + 3*y. What is the remainder when b is divided by 9?
8
Let c = 29 + -8. Let u = 3555 - 3516. Calculate the remainder when u is divided by c.
18
Let f = 69 - 29. Suppose -53*m + 199*m = 4380. Calculate the remainder when f is divided by m.
10
Let g(u) = 7*u**2 - 137*u. What is the remainder when 1859 is divided by g(20)?
59
Let l = -724 + 801. What is the remainder when l is divided by 67?
10
Let d(q) be the first derivative of -q**2/2 + 7*q + 22. Calculate the remainder when (-4)/6 + 5/((-45)/(-654)) is divided by d(-8).
12
Let t = -2 - -26. Calculate the remainder when (-15 - (-2 + -11))*(543/(-6) - 5) is divided by t.
23
Suppose -y + 2*p + 12 = 0, -4*p = -3*y - 0*p + 32. Let w = 6 - 4. Calculate the remainder when (w - 12*-1) + -1 is divided by y.
5
Let l = 4249 + -4062. Calculate the remainder when 261 is divided by l.
74
Let q(a) = -a**2 + 32*a - 96. Let c be q(25). Let f = c - 69. Calculate the remainder when 387 is divided by f.
7
Let q(d) = -d**3 + 10*d**2 + d - 14. Let i = 93 + -84. Calculate the remainder when q(i) is divided by 10.
6
Suppose 87*b = 92*b + 5*w - 18390, -3658 = -b + 3*w. What is the remainder when b is divided by 147?
145
Suppose -2*g + 2*f = -f - 19, 4*g = 2*f + 18. Let z(s) = 86*s**2 - 16*s + 6. What is the remainder when z(g) is divided by 64?
62
Let l = -70 - 203. Let f = -141 - l. Calculate the remainder when f is divided by 23.
17
Suppose 62*m - 66*m = -20. Suppose m*t = 192 + 53. Let p = -5 - -19. What is the remainder when t is divided by p?
7
What is the remainder when 1393 is divided by 5 + 110/33*(1 + (-1542)/(-15))?
340
Suppose 5*k = k + 36. Suppose 251 + 118 = k*j. Suppose 4*p - a = 80, p + 5*a + 0*a = j. Calculate the remainder when 80 is divided by p.
17
Suppose q = -5*a + 2424, -4*a + 1936 = 28*q - 24*q. Let f = -419 + a. Calculate the remainder when 246 is divided by f.
48
Suppose -23*x - 16*x = -51*x + 5772. Calculate the remainder when x is divided by 81.
76
Suppose 6 - 1 = 5*h, 3*h - 788 = -5*r. Let k(a) = -1574*a + 31535. Calculate the remainder when r is divided by k(20).
47
Let c(l) = -83*l - 2731. What is the remainder when c(-39) is divided by 111?
62
Let h be (3 + -1)/(10/(-25)). Let d(x) = -x + 3. Let t be d(h). Suppose t*n - 5*n - 105 = 0. What is the remainder when n is divided by 18?
17
Let f(q) be the first derivative of -19*q**4 - q**3/3 + q + 318. Let r be 1/(1 - (1 + 1)). What is the remainder when f(r) is divided by 20?
16
Suppose -1052170 = -0*t - 33*t - 2*t. What is the remainder when t is divided by 33?
32
Let d(z) = -2*z**3 - 2*z**2 - 6*z + 1. Suppose -11 = -k + 6. Let j = k - 6. Calculate the remainder when d(-2) is divided by j.
10
Let p(z) = -14 + 0*z**2 + 15 + 10 + 66*z - 4*z**2. Let c(k) = -k**3 - 2*k**2 - 5*k - 7. What is the remainder when c(-6) is divided by p(16)?
38
Let r = 503 + -716. Let d = r + 249. Calculate the remainder when 48 is divided by d.
12
Let z = 1469 - 661. Suppose 35*s - 172 - z = 0. What is the remainder when 219 is divided by s?
23
Let k = 8381 - 6152. Calculate the remainder when k is divided by 29.
25
Let c(u) = u**3 - u**2 + 10*u + 26. What is the remainder when c(9) is divided by 218?
110
Let h be 1/((-6)/108*3) - -3. Let v = 68 - h. What is the remainder when v is divided by 6?
5
Let o = 36 + -12. Let p be (-2 + 0/4)/((-1)/1). Suppose -3*w = 14*n - 17*n - 39, 14 = p*w + n. What is the remainder when o is divided by w?
6
Suppose 8*j = 2*j + 126. Suppose -2*q = -l - 9, -l - 2 = -3*l. Calculate the remainder when (-18)/8*(-56)/j is divided by q.
1
Let m = 1670 + -1462. What is the remainder when 211 is divided by m?
3
Suppose 49 - 13 = 36*q. Suppose 21*y - 30 = 6*y. Calculate the remainder when y is divided by q.
0
Suppose 6*t = 11*t + 15, 0 = 5*u - 3*t - 59. Suppose 37 = 3*k - 3*n - n, 5*n - u = 0. Suppose -q + 69 = -3. Calculate the remainder when q is divided by k.
12
Let c = -73 + 120. Calculate the remainder when (48 + -47)/(3/411 + 0) is divided by c.
43
Let d(j) = 13*j + 5. Suppose -299 + 279 = 5*n. What is the remainder when d(4) is divided by (-5)/(-20) + (-83)/n*1?
15
Let s(j) = j**2 + 3*j - 7. Suppose 393*x + 9501 - 106169 = 10228. What is the remainder when x is divided by s(-6)?
8
Suppose -55 = -2*w - 135. Let c = 362 + w. Calculate the remainder when c is divided by 81.
79
Let y be (8*8/64)/(1/8). Suppose -47 = -y*q + 193. Calculate the remainder when q is divided by 2.
0
Suppose -9*u + 85*u = 48944. Calculate the remainder when u is divided by 21.
14
Suppose -9*t = -13*t - h + 175, 3*h = 2*t - 77. What is the remainder when 773 is divided by t?
42
Suppose 7114 = 36*m - 4925 + 303. Calculate the remainder when m is divided by 121.
84
Let z(y) = -2*y**2 - 81*y - 489. Let n = 4 - -100. Calculate the remainder when n is divided by z(-8).
11
Let j(i) = 2*i**3 - 15*i**2 + 8*i + 4. Let k = 80 + -73. Let s = 7 - -1. What is the remainder when j(k) is divided by s?
3
What is the remainder when 278 is divided by (-112200)/(-1400) + (-2)/14?
38
Suppose 0 = 3*x - q - 0*q - 17, 2*q = -5*x + 10. Suppose -x*w + 3*m = -2794, -5*m + 2810 = 4*w - 0*w. What is the remainder when w is divided by 27?
25
Calculate the remainder when (-1)/((-12)/7920*4) is divided by 6.
3
Let m(g) = -2*g**3 + g**2 + 152*g + 43. Suppose 400 = 4*d - 2*p, 4*p + 408 = d + 3*d. Calculate the remainder when d is divided by m(9).
30
Let x(g) = 2*g**3 - 6*g**2 + 15*g - 22. Suppose 2*t - 7 = -1. Calculate the remainder when 151 is divided by x(t).
13
What is the remainder when 